valuate (1 + -12 + (783 - 765) - (10 + 1)) + 15.
11
Calculate 67 + -38 + (-34 - -7).
2
What is the value of (4 - -5) + 3 - (87 + 12 + -30 - -28)?
-85
What is the value of 2 + 6 + (0 - (-11 - (18 - 12 - -57)))?
82
What is the value of -82 - ((80 - -51) + -271)?
58
Calculate 18 - (-10 - 15 - -27).
16
11 + 21 + -45 + 19 + 48
54
35 + (-126 - (-110 + 39))
-20
Calculate (-36 + -34 - -25) + 19 - 16.
-42
Evaluate -20 + (64 - (55 - -20) - (-14 - -1)).
-18
Evaluate 17 + (6 + -13 + 18 - 33).
-5
What is the value of -31 + -15 - (-9 + 13 + -29)?
-21
(103 - (-4 - -5)) + (13 - (15 + (-13 - -9)))
104
Calculate 11 + -27 - (64 - 11).
-69
What is the value of (-612 - -568) + (90 - -3)?
49
What is the value of (58 - (-50 - -98)) + 32 + -7 + 7 + -3?
39
Calculate (-41 - -39) + -46 - -21.
-27
What is the value of (43 - 53 - (-6 + 0 - -3)) + 12 + -68?
-63
Evaluate 80 + (-10 - -8) + (-4 - 24).
50
What is 67 + 9 + 0 + 137 + -137 + -16?
60
Calculate 25 + 13 + 22 + -30 + 45.
75
What is the value of -59 - (240 - 219 - (26 + -1))?
-55
(-13 - -1 - 2) + (-11 - 13)
-38
What is the value of -2 - (4 - 21 - -19 - 18)?
14
Evaluate 23 - (-82 + 125 + -121).
101
(-7 + 37 - (-31 - -40)) + (1 - -2)
24
-84 + (9 + (20 - 39) + -9 - -10)
-93
Evaluate (-39 - -129) + -101 - (59 - 1).
-69
Evaluate (-2 + 5 - (-5 - 4) - (-130 - -137)) + -79.
-74
Calculate -53 - (29 - 65 - 22).
5
Evaluate -3 + -2 + (46 - -3 - (128 - 144)).
60
Calculate 93 - 71 - (56 + 15).
-49
-1 + -13 - (-14 + (0 - -10) + -45)
35
Calculate 92 + (132 - 105) + (-39 - -9).
89
-47 + 14 + 35 - 47 - -65
20
Evaluate -8 - (-7 + (9 + -16 - -1) + 36) - 7.
-38
7 + -18 - 14 - (11 + 0) - 1
-37
Calculate 18 - (43 - 20) - (6 - (109 + -10 - 4)).
84
Evaluate 1 - 11 - (-38 + (-1 - -1) + -14586 + 14585).
29
1 - -21 - (93 + -40 + (62 - 11))
-82
What is the value of 63 + -52 + -9 + -1 + -5 + (-2 - -1)?
-5
Evaluate 38 - (242 - 261 - (-24 - 2)).
31
What is -1677 + 1685 - (-3 - (3 + -3 - -2))?
13
Evaluate 2 - -11 - 0 - (-45 - (1 - 115)).
-56
What is 84 + -101 + 13 + -19?
-23
Calculate -16 + -3 + 29 + 2 - -6.
18
What is the value of 22 - (-90 - -92 - 38)?
58
Evaluate 1 + 10 - ((-27 - -73) + -25).
-10
What is (-21 + 91 - -48) + -16?
102
What is (-15 - (21 - -34) - -14) + 5?
-51
What is -5 - (0 - 0 - 2) - (-85 + 43 + 32)?
7
Evaluate 3 - (20 + -2 + -4 + -5 - 9).
3
Calculate -35 - (36 + (-38 - 19)) - ((2 - -9) + 1).
-26
Calculate (5 + 1 - (7 + 56)) + (-23 - -35) + -5.
-50
-2 - -3 - 25 - 0 - (4668 - 4657)
-35
19 - 37 - (-53 + -1)
36
Evaluate -8 + 2 + (-24 - -86) + -71.
-15
Evaluate -65 + -22 + 54 + (24 - 0).
-9
Evaluate -24 + 24 - -17 - (-33 + 10).
40
What is the value of -42 + 20 + 2 + (2 - -1) + 6?
-11
Calculate -126 + -1 - (10 - (3 + (9 - (-20 - -13)))).
-118
Calculate 19 + -1 - (-1745 + 1807 + -3 + -39).
-2
Calculate -7 + (14 - -38) - (-2 + 4).
43
8 + -147 + -6 + -313 + 341
-117
Evaluate -54 + 47 + (-11 + 8 - 5 - 113).
-128
Evaluate 91 + 10 + -25 + -32.
44
1 + (-2 - -8) - (-62 + 126 + -73)
16
What is 25 + (28 - (-46 + 82))?
17
32 - ((1 - (7 + -48)) + 20)
-30
What is the value of 18 + (-13 - 37) + (-13 - -17)?
-28
What is -816 - -834 - (-40 + 7)?
51
Calculate -3413 + 3416 - (2 + 0).
1
17 + 0 + -7 + 20 + -5 + -21
4
-288 + 337 + 6 + -65
-10
(85 + 6 - -1) + 15 + (-15 + 14 - 5)
101
What is 43 + -24 - (7 + -1 - (11 + -21 - -13))?
16
(-242 - (281 + -482)) + -1 + -69
-111
15 + -55 + -2 + 20
-22
Evaluate -39 + 143 + -112 + 90.
82
72 + -64 + 123 + -164
-33
(15 - 18) + 2 - ((79 - 1) + -17)
-62
Evaluate -199 + 0 + 149 + -121 - -42.
-129
What is the value of (-203 + -22 - -167) + (0 - (3 + 4))?
-65
What is the value of -263 - -203 - (-1 - 29)?
-30
Evaluate 10 - (116 - -1) - (-6 - (4 + 8 + -12)).
-101
What is the value of 111 + -147 + 12 + 77?
53
What is 3 - 3 - (25 - (35 + 7))?
17
Evaluate 135 + -64 + -27 - (1 - 5 - -1).
47
-3 + -26 + 17 - (-2 - 17)
7
What is the value of -9 - (-9 + -7) - (-52 + 30)?
29
(-22 - -39) + 51 - 32
36
Evaluate 11 + -13 + 0 + (5 + -7 - 1).
-5
Evaluate 36 - 1 - (-11 - (-13 + (13 - 2) + 1)).
45
What is the value of -13 + (26 - (3 + (27 - 15)) - 12)?
-14
Evaluate 4 + (-5 - -42) + -71.
-30
Evaluate -7 + -2 - (-2 + (-63 - (-8 - (-15 - -3)))).
60
What is ((-119 - -120) + -17 - (-2 + 2 + -162)) + 3?
149
What is the value of 19 + -2 + (868 - 866) - 26?
-7
What is the value of 77 - (-69 + 73 - -67)?
6
Evaluate 18 + -4 + 0 - (27 + 31 + -59).
15
What is the value of 11 + -26 + 18 + -24 - (-14 - -1)?
-8
Evaluate 23 + (-29 - (-7 + -2)).
3
Evaluate 0 - (12 + -1 + (34 - 40) - (5 - -1)).
1
Evaluate 24 + -2 + (9 + 7 - (63 + -51)).
26
23 + 0 - (26 - (90 - 88))
-1
What is -417 - -275 - (25 + -4 - 10)?
-153
What is the value of 7 - (27 + -10) - (2 - (-33 + 8)) - -1?
-36
Evaluate 24 + (-187 - -154) - -65.
56
41 + 0 + -34 + -78 + 30
-41
Calculate 3 + (2 - 2) - -14 - (32 + -59 + 33).
11
Calculate (-7 - -8) + 11 + (9 + -10 - (-3 + 0)).
14
Calculate 1 + (0 - -7) + -4 + 21 + 1 + -25.
1
Calculate (5 + 8 + -7 + 3 - 11) + -3 - 9.
-14
What is the value of -32 - (15 + -22 + (25 - 5) - 0)?
-45
-28 + (-20 - -38) + (-1 - 27)
-38
Evaluate 65 - 0 - (-191 + 281 + -55).
30
What is the value of 36 + -114 + 296 + -93?
125
What is the value of 1 - -20 - (-127 + 153) - 30?
-35
-3 + ((-1 - -16) + -11 - (-78 + 1))
78
Evaluate 34 - (-6 + 118 - (-53 - -52)).
-79
(181 - 106) + -25 + -40
10
Calculate (29 - 116) + 179 + -188.
-96
Calculate 6 + -24 - -11 - (0 - -50) - (-27 + 12).
-42
What is (13 + -5 - (33 + 3 + 41)) + 8?
-61
Evaluate 94 - -2 - (3918 + -3748).
-74
What is the value of 35 + 7 + -4 - (-416 - -443)?
11
(-5 + 0 + (-1 - 0) - (146 + -159)) + 19
26
What is -13 + 18 + -22 + (55 - 38)?
0
What is the value of 21 - (95 - 11) - (5 + -22)?
-46
Evaluate (-35 - -166) + -80 + -34.
17
Calculate -45 + (113 - -17) - -25 - -20.
130
What is -21 + 81 + (4 - 63 - -26)?
27
(-34 - -9) + (-62 - -244) - 31
126
What is the value of 2 + -12 + (5 - (-64 + (4 - -8)))?
47
What is 11 - (0 + (12 - (10 + -8 + 0 - 60)))?
-59
What is (-7 - -7) + -11 - (-34 + (5 - (12 + -10)))?
20
Calculate -48 + (8 - -70) - (0 - 36).
66
-49 + 84 + -10 - -10
35
What is (33 - 68 - -25) + (-1 - 1) + -7?
-19
Calculate 54 - (0 + -20 - 20) - ((-9 - -2) + -2).
103
Evaluate (1 - 10) + -95 + 103 - -10 - (42 + -36).
3
Evaluate -23 - -13 - (-1 - -39 - (215 - 208)).
-41
What is the value of -1 + 3 + 1 + 82 + -75 + (11 - 39)?
-18
What is the value of (-80 + 13 - -78) + (-60 - -1 - (2 - -1))?
-51
What is the value of 26 + -7 + -30 + 29?
18
(-2 + -36 - (-1709 - -1677)) + (0 - (1 - 53))
46
Calculate 32 + -41 + 20 + -30.
-19
What is the value of -1 + 10 + (-210 + 214 - ((5 - 6) + 114))?
-100
23 - ((20 - 75) + 32)
46
What is -3 - (44 + -49) - (0 + -30 - -2 - -1)?
29
Calculate (-148 - (36 + -104)) + 5 + -23.
-98
What is the value of -4 + (1 - (0 + (4 - 0))) - (406 - 392)?
-21
Calculate (-2 - ((-4 - -20) + 0)) + -100 + 52.
-66
What is (-11 + -18 - (-54 - -41)) + 15?
-1
-1 + -2 + -30 + 18 + -29
-44
What is the value of 21 + (14 - 21) + -35 + 12?
-9
293 + -252 + 1 + 15
57
Evaluate 61 + 2 + ((-28 - -9) + 9 - (-34 - -37)).
50
What is 110 - (287 + (-249 - -100))?
-28
Evaluate 16 - (60 - 9 - (2 + 15)).
-18
13061 + -13038 - (-89 - (2 + -3))
111
What is the value of -85 + 53 + 84 + -62?
-10
Calculate -4 - 10 - -16 - -16 - 43.
-25
What is 1 + -16 - (-6 + -8 + 53)?
-54
Calculate 11 - (0 + 48 - (14 - (-9 + 16 + -4))).
-26
What is the value of (21 + -7 - 3) + 4 - -21?
36
Calculate -26 - (-19 + (-8 - -25) + (2 - -1 - 0)).
-27
Evaluate (129 - (76 + 22)) + -34.
-3
15 + -7 + -32 + 8 + 1 - 5
-20
What is the value of -93 + -1 + 0 + (31 - (46 - 14))?
-95
What is the value of -11 - 1 - 1 - (9 - (64 - 15))?
27
Calculate 72 + 37 + 77 + -118.
68
Calculate (0 - -144) + -39 - 79.
26
0 + 56 - (-22 + -17 + 29 - -7)
59
What is 135 - 153 - (-6 + -45 + -3 + 13)?
23
(4839 - 4767) + 3 + -1 + -1
73
(18 - (-101 - -81)) + 33
71
-62 - ((7 + 5 + -14 - 11) + 14)
-63
What is the value of -119 - ((14 - 2) + -29 + 4 + 30)?
-136
(49 - (-1 - -13 - 21)) + 1 - 13
46
(-32 + 1 - (25 + -11 + -39)) + 7
1
Evaluate 2 - 8 - (115 + (-23 - -24)).
-122
What is the value of (685 - 698) + -6 + 4 + -18?
-33
Calculate -33 + (-11 + -10 - -10) + -13.
-57
What is the value of -2 + ((0 + (-7 - 7) - -5) + 3 - 5)?
-13
Evaluate 915 - 835 - (7 + (-6 - 0)).
79
Calculate 7 + (12 + 4 - -31) - (-1 - (-1 + 2))